{"id":31,"date":"2017-02-05T13:39:45","date_gmt":"2017-02-05T12:39:45","guid":{"rendered":"http:\/\/ns-wissenschaft.fheh.org\/?page_id=31"},"modified":"2017-02-05T13:39:57","modified_gmt":"2017-02-05T12:39:57","slug":"lutz-danneberg","status":"publish","type":"page","link":"http:\/\/ns-wissenschaft.fheh.org\/?page_id=31","title":{"rendered":"Lutz Danneberg"},"content":{"rendered":"<p>Philosophische Fakult\u00e4t II<br \/>\nInstitut f\u00fcr deutsche Literatur<br \/>\nHumboldt Universit\u00e4t Berlin<\/p>\n<p><a href=\"https:\/\/www.literatur.hu-berlin.de\/de\/institutsmitarbeiter\/45909\">https:\/\/www.literatur.hu-berlin.de\/de\/institutsmitarbeiter\/45909<\/a><\/p>\n<p><a href=\"mailto:LutzDanneberg@t-online.de\">LutzDanneberg@t-online.de<\/a><\/p>\n<p><a href=\"http:\/\/fheh.org\/wp-content\/uploads\/2016\/07\/bibliog.ldneu_.pdf\">Ver\u00f6ffentlichungen<\/a>\u00a0(Auswahl)<\/p>\n","protected":false},"excerpt":{"rendered":"<p>Philosophische Fakult\u00e4t II Institut f\u00fcr deutsche Literatur Humboldt Universit\u00e4t Berlin https:\/\/www.literatur.hu-berlin.de\/de\/institutsmitarbeiter\/45909 LutzDanneberg@t-online.de Ver\u00f6ffentlichungen\u00a0(Auswahl)<\/p>\n","protected":false},"author":2,"featured_media":0,"parent":131,"menu_order":1,"comment_status":"closed","ping_status":"closed","template":"","meta":{"footnotes":""},"class_list":["post-31","page","type-page","status-publish","hentry"],"_links":{"self":[{"href":"http:\/\/ns-wissenschaft.fheh.org\/index.php?rest_route=\/wp\/v2\/pages\/31","targetHints":{"allow":["GET"]}}],"collection":[{"href":"http:\/\/ns-wissenschaft.fheh.org\/index.php?rest_route=\/wp\/v2\/pages"}],"about":[{"href":"http:\/\/ns-wissenschaft.fheh.org\/index.php?rest_route=\/wp\/v2\/types\/page"}],"author":[{"embeddable":true,"href":"http:\/\/ns-wissenschaft.fheh.org\/index.php?rest_route=\/wp\/v2\/users\/2"}],"replies":[{"embeddable":true,"href":"http:\/\/ns-wissenschaft.fheh.org\/index.php?rest_route=%2Fwp%2Fv2%2Fcomments&post=31"}],"version-history":[{"count":1,"href":"http:\/\/ns-wissenschaft.fheh.org\/index.php?rest_route=\/wp\/v2\/pages\/31\/revisions"}],"predecessor-version":[{"id":32,"href":"http:\/\/ns-wissenschaft.fheh.org\/index.php?rest_route=\/wp\/v2\/pages\/31\/revisions\/32"}],"up":[{"embeddable":true,"href":"http:\/\/ns-wissenschaft.fheh.org\/index.php?rest_route=\/wp\/v2\/pages\/131"}],"wp:attachment":[{"href":"http:\/\/ns-wissenschaft.fheh.org\/index.php?rest_route=%2Fwp%2Fv2%2Fmedia&parent=31"}],"curies":[{"name":"wp","href":"https:\/\/api.w.org\/{rel}","templated":true}]}}