{"id":2,"date":"2016-05-10T03:48:21","date_gmt":"2016-05-10T03:48:21","guid":{"rendered":"http:\/\/wp452m.a10-52-158-154.qa.plesk.ru\/wordpress\/?page_id=2"},"modified":"2018-08-17T08:43:10","modified_gmt":"2018-08-17T06:43:10","slug":"sample-page","status":"publish","type":"page","link":"http:\/\/ns-wissenschaft.fheh.org\/","title":{"rendered":"Das Projekt"},"content":{"rendered":"<p class=\"western\" align=\"justify\"><strong><span style=\"color: #00000a;\">\u201e<\/span>Wir sagen ab der internationalen Gelehrtenrepublik\u201c? Internationale akademische Beziehungen Deutschlands von 1933 bis 1945<\/strong><\/p>\n<p>Unser Projekt wird seit August 2016 von der Deutschen Forschungsgemeinschaft gef\u00f6rdert (<a href=\"http:\/\/gepris.dfg.de\/gepris\/projekt\/313271404\">gepris<\/a>). Es beruht auf einer Kooperation zwischen der Universit\u00e4t Stuttgart, ab Herbst 2017 Heidelberg (<a href=\"http:\/\/ns-wissenschaft.fheh.org\/?page_id=29\">Andrea Albrecht<\/a>) und der Humboldt-Universit\u00e4t zu Berlin (<a href=\"http:\/\/ns-wissenschaft.fheh.org\/?page_id=31\">Lutz Danneberg<\/a>, <a href=\"http:\/\/ns-wissenschaft.fheh.org\/?page_id=104\">Ralf Klausnitzer<\/a>) und umfasst neben einigen<a href=\"http:\/\/ns-wissenschaft.fheh.org\/?page_id=143\"> zentralen Projektteilen <\/a>eine Reihe von <a href=\"http:\/\/ns-wissenschaft.fheh.org\/?page_id=65\">Einzelprojekten<\/a>.<\/p>\n<p><strong>Projektzusammenfassung<\/strong>: Die kritische Einstellung zur \u201aInternationalit\u00e4t\u2018 geh\u00f6rt zu einem der Kernaspekte der in Deutschland zwischen 1933 und 1945 propagierten Wissenschaftsauffassung: An die Stelle selbstverst\u00e4ndlicher internationaler Austausch- und Kooperationsbeziehungen traten ab 1933 politisch gesteuerte, stark restringierte und kontrollierte Au\u00dfenkontakte und ein auf Autarkie und Hegemonie setzendes wissenschaftliches Selbstverst\u00e4ndnis. Wirft man jedoch einen Blick in die Nachrichtenbl\u00e4tter der deutschen Wissenschaft, wird schnell deutlich, dass es auch w\u00e4hrend der Zeit des Nationalsozialismus \u00fcberraschend umfangreiche und vielf\u00e4ltige internationale Kontakte gab. Der angestrebte \u00dcbergang zu einer \u201aradikal mit der Tradition brechenden Wissenschaftsauffassung\u2018 scheint diese nur begrenzt beeintr\u00e4chtigt zu haben. Die Diskrepanz zwischen der Absage an die Internationalit\u00e4t der Wissenschaft einerseits und die praktizierte und mitunter sogar offen proklamierte internationale Ausrichtung wissenschaftlicher Arbeit andererseits ist in der Forschung, insbesondere in der Geschichte der Philosophie und der Philologien, bislang kaum untersucht worden; es fehlen weitgehend sowohl eine theoretische Auseinandersetzung als auch belastbare empirische Erhebungen. Das materiale Fundament der Untersuchung bildet eine auf Vollst\u00e4ndigkeit angelegte personalbibliographische Sammlung zeitgen\u00f6ssischer Zeitschriftenbeitr\u00e4ge zu bislang 120 Philosophen und Philologen aus der NS-Zeit inklusive Rezensionsmaterial und Forschungsliteratur sowie eine thematisch ausgerichtete Sammlung zeitgen\u00f6ssischer Dokumente zur Wissenschaftsauffassung, zum internationalen Wissenschaftsaustausch und zu einzelnen Disziplinenentwicklungen w\u00e4hrend des Nationalsozialismus. Diese Dokumente werden im Rahmen des Projekts in eine Datenbank \u00fcberf\u00fchrt und zum einen quantitativ, zum anderen qualitativ durch eine koordinierte Reihe von exemplarisch angelegten Fallstudien zum Verh\u00e4ltnis von Theorie und Praxis des wissenschaftlichen Austauschs zwischen 1933 und 1945 ausgewertet. Projektiert sind unter anderem Studien zur \u201aDeutschen Linie des Denkens und F\u00fchlens\u2018, zum \u00c4sthetik-Kongress 1937 in Paris und zum Umgang mit eigenen und fremden philosophischen und literarischen Klassikern. Als Vergleichsstudie wird sich ein Teilprojekt mit der Wissenschaftspraxis, -auffassung und internationalen Rezeption des Logischen Empirismus und anderer philosophischer Str\u00f6mungen befassen.<\/p>\n<p><strong><a href=\"http:\/\/ns-wissenschaft.fheh.org\/?page_id=178\">English Summary<\/a><\/strong><\/p>\n<p><strong><a href=\"http:\/\/ns-wissenschaft.fheh.org\/wp-content\/uploads\/2016\/05\/Architektur.pdf\">Schaubild Projektarchitektur<\/a><\/strong><\/p>\n<p><a href=\"http:\/\/fheh.org\">Forschungsstelle Historische Epistemologie und Hermeneutik<\/a><\/p>\n","protected":false},"excerpt":{"rendered":"<p>\u201eWir sagen ab der internationalen Gelehrtenrepublik\u201c? Internationale akademische Beziehungen Deutschlands von 1933 bis 1945 Unser Projekt wird seit August 2016 von der Deutschen Forschungsgemeinschaft gef\u00f6rdert (gepris). Es beruht auf einer Kooperation zwischen der Universit\u00e4t Stuttgart, ab Herbst 2017 Heidelberg (Andrea Albrecht) und der Humboldt-Universit\u00e4t zu Berlin (Lutz Danneberg, Ralf Klausnitzer) und umfasst neben einigen zentralen &hellip; <a href=\"http:\/\/ns-wissenschaft.fheh.org\/\" class=\"more-link\"><span class=\"screen-reader-text\">Das Projekt<\/span> weiterlesen<\/a><\/p>\n","protected":false},"author":1,"featured_media":0,"parent":0,"menu_order":0,"comment_status":"closed","ping_status":"open","template":"","meta":{"footnotes":""},"class_list":["post-2","page","type-page","status-publish","hentry"],"_links":{"self":[{"href":"http:\/\/ns-wissenschaft.fheh.org\/index.php?rest_route=\/wp\/v2\/pages\/2","targetHints":{"allow":["GET"]}}],"collection":[{"href":"http:\/\/ns-wissenschaft.fheh.org\/index.php?rest_route=\/wp\/v2\/pages"}],"about":[{"href":"http:\/\/ns-wissenschaft.fheh.org\/index.php?rest_route=\/wp\/v2\/types\/page"}],"author":[{"embeddable":true,"href":"http:\/\/ns-wissenschaft.fheh.org\/index.php?rest_route=\/wp\/v2\/users\/1"}],"replies":[{"embeddable":true,"href":"http:\/\/ns-wissenschaft.fheh.org\/index.php?rest_route=%2Fwp%2Fv2%2Fcomments&post=2"}],"version-history":[{"count":14,"href":"http:\/\/ns-wissenschaft.fheh.org\/index.php?rest_route=\/wp\/v2\/pages\/2\/revisions"}],"predecessor-version":[{"id":355,"href":"http:\/\/ns-wissenschaft.fheh.org\/index.php?rest_route=\/wp\/v2\/pages\/2\/revisions\/355"}],"wp:attachment":[{"href":"http:\/\/ns-wissenschaft.fheh.org\/index.php?rest_route=%2Fwp%2Fv2%2Fmedia&parent=2"}],"curies":[{"name":"wp","href":"https:\/\/api.w.org\/{rel}","templated":true}]}}