{"id":170,"date":"2017-02-12T08:52:39","date_gmt":"2017-02-12T07:52:39","guid":{"rendered":"http:\/\/ns-wissenschaft.fheh.org\/?page_id=170"},"modified":"2017-02-12T08:52:53","modified_gmt":"2017-02-12T07:52:53","slug":"die-praxis-internationaler-wissenschaftsbeziehungen-deutschlands-zwischen-1933-und-1945-quantitative-perspektiven","status":"publish","type":"page","link":"http:\/\/ns-wissenschaft.fheh.org\/?page_id=170","title":{"rendered":"Die Praxis internationaler Wissenschaftsbeziehungen Deutschlands zwischen 1933 und 1945 \u2013 Quantitative Perspektiven"},"content":{"rendered":"<p>Um \u00fcber die internationalen Kontakte der deutschen (Normal-)Wissenschaft in statistisch valider Form Aussagen treffen zu k\u00f6nnen, bedarf es einer umfangreichen Datenerhebung der in den einschl\u00e4gigen Nachrichtenbl\u00e4ttern der deutschen Wissenschaft registrierten personalen Kontakte. Wir konzentrieren uns in einem ersten Schritt auf: <em>Deutsche Literaturzeitung f\u00fcr Kritik der internationalen Wissenschaft<\/em>, <em>Forschungen und Fortschritte<\/em> und <em>Europ\u00e4ischer Wissenschaftsdienst<\/em> (hervorgegangen aus dem <em>Deutschen Wissenschaftlichen Dienst. Korrespondenz f\u00fcr die gesamte Kultur- und Naturwissenschaft<\/em>). Hier werden in statistisch signifikanter Gr\u00f6\u00dfenordnung die deutschen Reise- und Vortragst\u00e4tigkeiten im Ausland, Reise- und Vortragst\u00e4tigkeit ausl\u00e4ndischer Wissenschaftler in Deutschland, Ehrendoktorw\u00fcrden, Mitgliedschaften in internationalen Vereinigungen und internationale Tagungen verzeichnet. Bei den Nachrichtenbl\u00e4ttern handelt es sich um von der Forschung bislang nahezu ignorierte Zeitschriften ,mittlerer Lage\u2018, die f\u00fcr ein breiteres akademisches Publikum gedacht waren und somit f\u00fcr unsere Fragestellungen nach der Spannung zwischen programmatischem wissenschaftspolitischem Anspruch und praktischer wissenschaftlicher T\u00e4tigkeit von besonderem Interesse sind. Denn gerade weil diese Periodika in der Zeit als \u201aAush\u00e4ngeschild\u2018 deutscher Wissenschaft galten, ist die Dokumentation der in ihnen festgehaltenen Auslandsbeziehungen aufschlussreich. Um spezifische Verlaufsformen, Kontinuit\u00e4ten und Diskontinuit\u00e4ten \u00fcber die Z\u00e4sur von 1933 hinweg statistisch charakterisieren zu k\u00f6nnen, starten wir mit der Erfassung und Auswertung im Jahr 1925.<\/p>\n","protected":false},"excerpt":{"rendered":"<p>Um \u00fcber die internationalen Kontakte der deutschen (Normal-)Wissenschaft in statistisch valider Form Aussagen treffen zu k\u00f6nnen, bedarf es einer umfangreichen Datenerhebung der in den einschl\u00e4gigen Nachrichtenbl\u00e4ttern der deutschen Wissenschaft registrierten personalen Kontakte. Wir konzentrieren uns in einem ersten Schritt auf: Deutsche Literaturzeitung f\u00fcr Kritik der internationalen Wissenschaft, Forschungen und Fortschritte und Europ\u00e4ischer Wissenschaftsdienst (hervorgegangen aus &hellip; <a href=\"http:\/\/ns-wissenschaft.fheh.org\/?page_id=170\" class=\"more-link\"><span class=\"screen-reader-text\">Die Praxis internationaler Wissenschaftsbeziehungen Deutschlands zwischen 1933 und 1945 \u2013 Quantitative Perspektiven<\/span> weiterlesen<\/a><\/p>\n","protected":false},"author":2,"featured_media":0,"parent":143,"menu_order":0,"comment_status":"closed","ping_status":"closed","template":"","meta":{"footnotes":""},"class_list":["post-170","page","type-page","status-publish","hentry"],"_links":{"self":[{"href":"http:\/\/ns-wissenschaft.fheh.org\/index.php?rest_route=\/wp\/v2\/pages\/170","targetHints":{"allow":["GET"]}}],"collection":[{"href":"http:\/\/ns-wissenschaft.fheh.org\/index.php?rest_route=\/wp\/v2\/pages"}],"about":[{"href":"http:\/\/ns-wissenschaft.fheh.org\/index.php?rest_route=\/wp\/v2\/types\/page"}],"author":[{"embeddable":true,"href":"http:\/\/ns-wissenschaft.fheh.org\/index.php?rest_route=\/wp\/v2\/users\/2"}],"replies":[{"embeddable":true,"href":"http:\/\/ns-wissenschaft.fheh.org\/index.php?rest_route=%2Fwp%2Fv2%2Fcomments&post=170"}],"version-history":[{"count":1,"href":"http:\/\/ns-wissenschaft.fheh.org\/index.php?rest_route=\/wp\/v2\/pages\/170\/revisions"}],"predecessor-version":[{"id":172,"href":"http:\/\/ns-wissenschaft.fheh.org\/index.php?rest_route=\/wp\/v2\/pages\/170\/revisions\/172"}],"up":[{"embeddable":true,"href":"http:\/\/ns-wissenschaft.fheh.org\/index.php?rest_route=\/wp\/v2\/pages\/143"}],"wp:attachment":[{"href":"http:\/\/ns-wissenschaft.fheh.org\/index.php?rest_route=%2Fwp%2Fv2%2Fmedia&parent=170"}],"curies":[{"name":"wp","href":"https:\/\/api.w.org\/{rel}","templated":true}]}}